se 0 = -o + 619 - 521. Calculate the remainder when 292 is divided by o.
96
Suppose 4 = -32*s + 34*s. Calculate the remainder when 6 is divided by 465/120 + s/16.
2
Calculate the remainder when (-6)/21 - (-20364)/28 is divided by 5.
2
Let n(l) = -l**2 + l - 77. Let u be n(0). Let y = u + 135. Calculate the remainder when y is divided by 15.
13
Suppose 0 = -2*t - 3*t - 50. Let f be 8/(-20) + 11/(55/(-18)). Calculate the remainder when 31 is divided by f - 4/(-2) - t.
7
Let x be 114/8 - 8/32. Let z = 6 + x. Calculate the remainder when 38 is divided by z.
18
Let g(d) = d**3 - 5*d**2 + 2*d + 8. Let k be g(4). Suppose k = 2*j + 6, -2*j = 2*i + 2*j - 102. What is the remainder when i is divided by 20?
17
Suppose 0 = -0*m + 2*m - 16. Let y(f) = -5*f + 123. Calculate the remainder when y(22) is divided by m.
5
Suppose 2*s = -3*l + 60, 3 = 2*l - 1. Calculate the remainder when s is divided by (((-8)/(-28))/(80/(-350)))/(2/(-24)).
12
Suppose 0 = -k + 4*p + 32, p = -2*k - 0*p + 28. Let z = k - 10. Suppose -z*y + 2*y = -8. Calculate the remainder when 2 is divided by y.
0
Let w = 2105 - 560. What is the remainder when w is divided by 43?
40
Calculate the remainder when 45 is divided by ((-35)/(-21))/(5/6) - -35.
8
Suppose 16*o + 8 + 24 = 0. What is the remainder when 68 is divided by o - (-20 - (3 + 7/(-1)))?
12
Suppose 26*r - 27*r = -15. What is the remainder when 41 is divided by r?
11
Let z be ((-4)/(-8))/((-1)/2). Suppose -15*a + 19*a = 68. Calculate the remainder when (z - -3)/((-8)/(-124)) is divided by a.
14
Let w be (306/(-3))/2 - -4. Let s = w + 88. What is the remainder when 121 is divided by s?
39
What is the remainder when 73*3/(-6)*-2 is divided by (-228)/4*2/(-6)?
16
Suppose -2*i = -2*n + 3*n - 12, -2*n + 3*i - 4 = 0. Suppose -n*b - 32 = -2*k - 2*k, 0 = -k + 3*b + 10. Calculate the remainder when k is divided by 3.
1
What is the remainder when 129 is divided by (-4)/26 + (-1720)/(-26)?
63
Suppose -5*x + 2 = -3*g + 12, 4*g - 2 = x. Suppose 4*l - l - 5*t - 43 = 0, g = l + 2*t - 18. Calculate the remainder when 41 is divided by l.
9
Suppose 94 + 231 = 5*l. Let t(m) = -m**3 + 5*m**2 + 7*m - 3. Let o be t(6). Calculate the remainder when l is divided by (-10)/15 - (-104)/o.
31
Let f be 2807/28 - (7/(-4) + 2). Suppose -o - 42 = -f. Suppose 3*q = 6*q - 45. Calculate the remainder when o is divided by q.
13
Calculate the remainder when (-3 - 2)*1628/(-55) is divided by 19.
15
Let y(i) = 2*i + 30. Let w(g) = -g**2 - 6*g + 6. Let c be w(-8). What is the remainder when 36 is divided by y(c)?
6
Let y = 975 - 960. What is the remainder when 50 is divided by y?
5
Suppose 4*x - 38 + 6 = -3*u, 0 = 3*u + 2*x - 22. Suppose 5 = 3*y + 5*j, -y - j = 2*j + 5. Calculate the remainder when 400/(-10)*u/(-10) is divided by y.
6
Let x(y) = -y**3 + 3*y**2 + 5*y. Let c be x(4). Let u(n) = -n + 7. What is the remainder when 12 is divided by u(c)?
0
Suppose -13*m - 12 = -16*m. Suppose g = b - m, -b = 4*b + 5*g - 40. What is the remainder when b is divided by 3?
0
Let b(t) = t**3 + 5*t**2 - 2*t + 27. Let d be b(-6). What is the remainder when (d/(-3))/(5/(-200)) is divided by 22?
18
Let q(c) = c**2 + c - 1. Let z(w) = 34*w - 8. Let x(f) = -2*q(f) - z(f). What is the remainder when 130 is divided by x(-17)?
42
Let u = 73 - 63. Suppose 7*b + 9 = u*b. Suppose -l + 2 = -0. What is the remainder when b is divided by l?
1
Let y(x) = 14*x + 21. Suppose -6*z + 12 = -12. Calculate the remainder when y(z) is divided by 26.
25
What is the remainder when 282 is divided by 6/(-7) - 4309/(-217)?
16
Let c = 11 + -6. Let s = c + 10. What is the remainder when 43 is divided by s?
13
Let m = -59 - -142. Suppose -b + 3 = 4*s - 13, 0 = -5*s + 4*b - 1. Suppose -11 = -s*n + 52. What is the remainder when m is divided by n?
20
Let y(r) = 16*r + 3. Calculate the remainder when 101 is divided by y(2).
31
Suppose 0 = 5*i + 4*z - 117, 2*i + z = i + 24. Let v be (-3)/(-6) + i/14. Suppose 0 = w + v*w - 108. Calculate the remainder when w is divided by 13.
10
Let b(f) = 7*f - 149. Suppose 0*o + o = 23. Calculate the remainder when b(31) is divided by o.
22
Suppose -3*w + 3*v - 8*v = -246, 0 = -2*v + 6. Suppose 3*m = 314 - w. What is the remainder when m is divided by 17?
11
Suppose 26 = -6*o + 7*o. What is the remainder when 87 is divided by o?
9
Let x(s) = 41*s**2 - 2*s. Let d be x(2). Suppose 4*y - d = -y. Suppose -3*p + p = -22. What is the remainder when y is divided by p?
10
Suppose -3*n = -1 - 14, 290 = 2*g + 2*n. What is the remainder when g is divided by 70?
0
Suppose -79 = g + 69. Let s be g/(-28) + 6/(-21). Suppose s*k - 27 = 4*k. Calculate the remainder when 105 is divided by k.
24
Suppose 4*s + 1 = l, -2*l = -4*l + 4*s + 14. What is the remainder when 45 is divided by l?
6
Suppose 3*w = 5*f + 53 + 54, 0 = -5*w + 4*f + 161. Calculate the remainder when 138 is divided by w.
22
Let c = -57 + 2. Suppose -6*s - 114 = -3*s. Let l = s - c. What is the remainder when 65 is divided by l?
14
Let g be 0/(-4) + 1 + (-3 - 0). Calculate the remainder when 39 is divided by (-4)/5*65/13*g.
7
Calculate the remainder when 292 - (178/26 + (-16)/(-104)) is divided by 16.
13
Let u = 75 - 42. Let r = -2958 - -3054. Calculate the remainder when r is divided by u.
30
Let p = -605 - -289. Let b = -129 - p. What is the remainder when b is divided by 38?
35
Suppose 3*w = -15 + 63. Calculate the remainder when 40 is divided by w.
8
Suppose 67 = v - o, -3*v + 97 + 96 = 5*o. Let t = v - 6. Suppose 0 = -k - 2*k + t. What is the remainder when 37 is divided by k?
17
Let n be 22/(-11) - 1*-4. Calculate the remainder when 438/27 - n/9 is divided by 6.
4
Let o be ((15/6)/(-5))/((-2)/16). Suppose -o*s - 4*b = 38 - 206, -4*b + 125 = 3*s. What is the remainder when s is divided by 12?
7
Suppose 4*u - 49 = -3*u. Let k(v) = v**3 - 6*v**2 - 6*v - 5. Calculate the remainder when 5 is divided by k(u).
1
Suppose -17 = 2*a - 5*q - 28, -q + 14 = 5*a. Calculate the remainder when 319 is divided by a.
1
Suppose -68 = 4*v - 4*x, 2*v - 4*x = v - 32. Calculate the remainder when 3 is divided by (-9)/2*v/18.
0
Let w = 12 + -16. Let k(s) = -15*s - 10. Calculate the remainder when k(w) is divided by (-1 + -2)*(-30 + 24).
14
Let f be 3 + 10 - (-4 - -1). Let t = f - 5. Suppose 15*b = t*b + 40. What is the remainder when b is divided by 3?
1
Let q(o) = 2*o - 2. Let k be ((-8)/6)/((-20)/30). Let j be q(k). Suppose 0 = m - 3*p - 13, -81 = -j*m - p - 20. What is the remainder when m is divided by 10?
8
Let a(b) = 0 + 4*b**3 + b**2 + 7*b - 5*b**3 + 0. Let h be a(3). Suppose h*z - 91 = -5*i - 1, -3*i = 4*z - 120. Calculate the remainder when z is divided by 11.
8
Calculate the remainder when -13*26*((-1)/(-2) - 1) is divided by 3.
1
Let b(u) = -26*u - 76. What is the remainder when 96 is divided by b(-4)?
12
Suppose 2*m = 2*h + 138, -4*m + 136 = -3*h - 135. What is the remainder when 405 is divided by m?
21
Let n(w) = -9*w + 12. Let p be n(-3). What is the remainder when (p/(-2)*-1)/(33/176) is divided by 30?
14
Let o = 124 + -126. Calculate the remainder when 92 is divided by (360/(-5))/(-4) - o.
12
Suppose -3*j = -5*g + 9 + 1, g - 2*j - 2 = 0. Suppose g*x = 4*x - 8. Suppose -x*w + 8 = -228. Calculate the remainder when w is divided by 15.
14
Let u = 4 - 0. Suppose u*o - 26 = -w, 7*o = 4*o + 2*w + 14. Suppose -10 - 5 = -f. What is the remainder when f is divided by o?
3
Let m = -69 - -124. Let h be -4 + 1 + 130 + 4. Suppose r + 19 + h = 5*p, -9 = -p - 4*r. What is the remainder when m is divided by p?
26
Let k be (11/(-2))/((-1)/16). Let h = k + -38. Suppose i = -v - 3*i + 21, -2*i - 15 = -v. Calculate the remainder when h is divided by v.
16
Suppose -c = 2*z + z - 12, 0 = 3*z - 2*c - 21. Let h(n) = -n**3 + 6*n**2 + 2*n - 2. Calculate the remainder when h(z) is divided by 12.
9
Let o be (4 - 5 - -2) + 275. Suppose -3*v = 3*v - o. What is the remainder when v is divided by 12?
10
Suppose -5*y + 35 = 5*w, 5*y = y - 2*w + 22. What is the remainder when 9 is divided by y?
1
Let d(z) = z**2 + 4*z + 4. Let t be d(-2). What is the remainder when 18 is divided by (4 - -7)/1 + t?
7
Suppose -2*s = -2*v + 10, -s = -0*s + 3*v + 13. Let x(m) = -m**3 - 7*m**2 - 8*m - 12. What is the remainder when x(s) is divided by 15?
14
Let s = -28 - -51. Suppose -15 = -8